 digit of z(7)?
8
What is the units digit of (4/8)/((-1)/(-3110))?
5
Suppose 2*v - 3*x = 25 + 406, 0 = -4*v - 5*x + 873. What is the tens digit of v?
1
Let j = -20 + 1858. Suppose 10*k = -618 + j. What is the units digit of k?
2
Let k = 403 - -137. What is the units digit of k?
0
Suppose 6*m + 43 + 101 = 0. Let x = 24 + m. Suppose -3*j = -2*z + 3*z - 52, 4*z - 2*j - 250 = x. What is the tens digit of z?
6
Let c(p) be the first derivative of -p**2/2 + 9*p - 4. Let o be c(4). Suppose o*h + 22 = 57. What is the units digit of h?
7
Let d = -8 + 8. Suppose 4*u - 67 = 3*q, q = -d*q + u - 23. What is the units digit of 3/6 - q/2?
3
Let t(g) = g**3 - 12*g**2 - 2. Let x be t(12). What is the tens digit of 13/((-13)/x) - (-1 + -81)?
8
Let a = -106 + 309. Let q = 92 + a. What is the units digit of q?
5
Suppose -l = l - 270. Suppose -16 = -2*d - 2*d. Suppose -l = -w - d*w. What is the units digit of w?
7
Let n = -3 - -2. Let q be (-1)/(n/2 + 0). Suppose 2*f = 4*a + f - q, 8 = 4*f. What is the units digit of a?
1
Let d = 395 - 101. What is the hundreds digit of d?
2
Suppose 2 = -4*s + 2*r, r + 0 = 3*s - 1. Suppose -3*v = s*p - 414 + 77, 2*p = 3*v + 307. What is the tens digit of p?
6
Let x be (14/21)/(4/582). Suppose 5*n + x + 9 = -4*s, 4*s = -16. Let r = n - -33. What is the units digit of r?
5
Let q(g) = -g**3 - 4*g**2 + 4*g - 6. Let k(f) = f - 2. Let t be k(4). Suppose 2*j - t*y + 6 = 0, -2*j + 5*y = -1 - 2. What is the tens digit of q(j)?
4
Suppose 0 = -4*x + 4*p - 8, 0*x - 2*p + 25 = 5*x. Suppose -x*g + 2*g = -118. What is the tens digit of g?
1
Let q be (12 + -10)*(-7)/(-2). Let l = q - 7. Suppose -h = -4*n + 7, l = h + 2*h + 5*n - 64. What is the tens digit of h?
1
Let n(d) = -4*d - 19. Let r be n(-6). Suppose 3*z - r*z = -62. What is the tens digit of z?
3
Let l = -708 + 1307. What is the units digit of l?
9
Suppose 0 = 5*c + 15*c + 4420. Let r = 417 + c. What is the hundreds digit of r?
1
Let n be (1*(-4)/12)/(2/(-18)). Suppose 5*u + 10 = -n*k + 594, 5*u = -2*k + 381. What is the units digit of k?
3
Let w(o) = o**3 - 11*o**2 + 6*o + 5. Let h be w(10). Let y = 59 + h. What is the tens digit of y?
2
Let q(m) = -173*m - 113. What is the thousands digit of q(-17)?
2
Suppose -3 = y - 8. Suppose y*r = 2*r + 6. Suppose r*l - 3 = l. What is the units digit of l?
3
Let s(x) = x**2 + 4*x + 3. Suppose -11 = 2*y - 3. Let k be s(y). Suppose 0 = 5*f - k*o - 148, 5*o + 33 + 75 = 4*f. What is the tens digit of f?
3
Let b(q) = q**2 + 3*q - 4. Let y be b(6). Suppose 2*f + 98 = -y. Let a = -37 - f. What is the tens digit of a?
3
Let y be 90/(-48)*-12*(-4)/3. Let w = y + 84. What is the units digit of w?
4
Let v be (-4)/(-4)*(-2 + 113). Let t = v + -30. What is the tens digit of t?
8
Suppose 134 - 40 = q - 4*z, 0 = 2*q + 4*z - 212. Let s = q + -12. What is the tens digit of s?
9
Let i = 1263 - 1031. What is the tens digit of i?
3
Let d = 309 - -139. What is the tens digit of d?
4
Suppose 2*t = p + 4 - 155, -3*p + 153 = -2*t. What is the units digit of (-15)/t + (-4)/(-5)?
1
Let u = -2 - -6. Suppose 12 - 4 = u*w. Suppose 5 - 2 = -3*b + 4*l, 21 = 5*b + w*l. What is the units digit of b?
3
Let u(a) = -a**3 + 5*a**2 - 6*a + 5. Suppose -3*x - 2*x + 15 = 0. Let m be u(x). Suppose -m*f + 70 = 5*j, 4 = j - f - 0*f. What is the units digit of j?
9
Let b = -1090 - -1675. What is the tens digit of b?
8
Suppose 3*r - 2065 = 2981. What is the units digit of r?
2
What is the units digit of (-172)/(-387) - (-10414)/18?
9
Let j be ((-2)/6)/((-6)/(-72)). What is the hundreds digit of (20/j - 0)*(-362)/10?
1
Let z be 0*((-1)/(-2) + 0). Suppose 0 = -z*g + 2*g + 4, -14 = -3*x + g. What is the tens digit of (155/10)/(2/x)?
3
Let m = 2 + -12. Let u be (-3)/5*(-5 + m). Suppose 3*g - u = -2*c, 0 = -2*c + 4*c. What is the units digit of g?
3
Let i(v) = 25*v**2 + 12*v - 8. What is the hundreds digit of i(-6)?
8
Suppose 1656 = 5*l - l. Suppose 5*c - l = -4*c. What is the units digit of c?
6
Let p = 41 + -38. Suppose 4*w + 38 = 2*k, 2*k + 0*w - p*w - 33 = 0. What is the units digit of k?
9
Let y(x) be the first derivative of 0*x**2 + 1/2*x**4 - x**3 - x + 3. What is the units digit of y(3)?
6
Let u = -44 - -36. Let f(r) = r**3 + 10*r**2 + 11*r + 8. What is the tens digit of f(u)?
4
Let m(n) = n**2 + 10*n - 1. Let g be m(-10). Let o be 2 + -6 + 9 + g. Suppose -y = -o*y + 63. What is the units digit of y?
1
Let q(t) = 6*t + 24. Let r be q(-4). Suppose 4*n - 640 = -r*n. What is the hundreds digit of n?
1
Let u(l) = 36*l**2 + l - 4. Let n(j) = 37*j**2 + 2*j - 5. Let m(o) = -3*n(o) + 4*u(o). Let f be m(-1). Suppose f + 58 = 4*k. What is the tens digit of k?
2
What is the hundreds digit of 6 - 9440/(-30)*9?
8
Let c(n) = -16*n - 4 + 1 + 20*n. Let y be c(-16). Let g = 115 + y. What is the tens digit of g?
4
Let f = -120 + 312. What is the hundreds digit of f?
1
Let w(n) = 622*n**2 + 20*n - 20. What is the hundreds digit of w(1)?
6
Let f be -1*(2 - 5) - 3. Suppose h + 2*g - 73 = f, h + 3*g - 84 = -8. What is the units digit of h?
7
Suppose 2*x = 8*x - 186. Let f be (-1 - 0) + 1 + -15. Let r = x + f. What is the tens digit of r?
1
Suppose 2*t - 4*m - 3 + 1 = 0, 5 = -5*t + 5*m. Let n(j) = -j**3 - 3*j**2 - j. What is the units digit of n(t)?
3
Suppose 2*y = -48 + 352. Suppose -y*l + 316 = -148*l. What is the tens digit of l?
7
Let z(q) = -q**2 + 4*q - 2. Let r be z(2). Suppose -r*f - 4*s + 182 = 0, 322 = 4*f - s - 60. Suppose -21 = 2*y - f. What is the tens digit of y?
3
Let j(n) = -n**3 - 8*n**2 + 10*n - 93. What is the tens digit of j(-18)?
6
Suppose -o + 69 = -297. What is the tens digit of o?
6
Let t(p) = -p - 31. Let s be t(10). Let l = s - -273. What is the tens digit of l?
3
Let a = -350 - -985. What is the units digit of a?
5
Let o(r) be the first derivative of -r**3/3 - 4*r**2 - 7*r - 7. Let b be o(-5). What is the units digit of b/(-3)*9/(-6)?
4
Let o(m) = -m**3 + 74*m**2 + 88*m + 1. What is the tens digit of o(75)?
7
Let k = -666 - -2511. What is the thousands digit of k?
1
Suppose -4*l + 4092 = -4*z, 156*z + 4 = 155*z. What is the units digit of l?
9
Let k(n) be the third derivative of -n**4/24 + 2*n**3/3 - 5*n**2. Let m be k(-3). Suppose 203 = -0*g + m*g. What is the units digit of g?
9
Let t(a) = 21*a - 58. What is the tens digit of t(39)?
6
Let k(u) be the second derivative of -u**3 + 9*u**2/2 + u. Let g(t) = 5*t - 9. Let z(j) = -4*g(j) - 3*k(j). What is the tens digit of z(-9)?
2
Let q(t) = 3*t**2 - 1 + 0*t + 6*t + 0*t**3 - t**3 + 0*t. What is the units digit of q(4)?
7
Let x(w) = -126*w - 307. What is the units digit of x(-6)?
9
What is the tens digit of 978894/406 + (-2)/29?
1
Let z(j) = -j**2 - 2*j + 15. Let u be (-97)/19 + (-22)/(-209). Let i be z(u). Suppose 0 = 3*l - 3*w - 66, i = -4*l - 3*w + 58 + 2. What is the tens digit of l?
1
What is the tens digit of (-148)/96*-33 + 2/16?
5
Suppose 3*k - 4*a = -3*a - 29, -k + 3*a + 1 = 0. Let p be k*(2 + (5 - 3)). Let g = -11 - p. What is the units digit of g?
3
Let a = -3575 - -6082. What is the thousands digit of a?
2
Let z(j) = 2*j - 8. Let y = -20 - -32. What is the units digit of z(y)?
6
Let s be 3942/22 - (-38)/(-209). Let j = s + -72. What is the hundreds digit of j?
1
Suppose -4*x = 9*o - 12*o - 3436, -5*x + 4295 = 2*o. What is the units digit of x?
9
Suppose 4*a + v = 2*v + 2325, 4*a = 2*v + 2322. Suppose 4*n - a = -5*s + 276, 0 = 2*n - 4*s - 442. Suppose 0 = -5*y + n + 3. What is the units digit of y?
4
Suppose 61 = 2*l - 5. Suppose -c = -2*w - l, -5*w - 189 = -5*c - w. What is the tens digit of c?
4
Let m(r) be the second derivative of r**4/6 - r**3/6 - 9*r**2/2 - 11*r. What is the units digit of m(-5)?
6
Let f(h) = -h + 10. Let a be f(6). Let d be (0 + 1)/(a - 5). What is the units digit of 12/(-24)*(d - 1)?
1
Let x be (-6)/(-1 - -4)*-1. Let w(l) = -1 + l**x + 4 + 2*l - 4*l - 3*l**3 + 6*l**3. What is the tens digit of w(2)?
2
Suppose 34 = -3*r + 316. What is the tens digit of r?
9
Suppose 7 = 2*h + 3. Suppose 0 = -3*z + h*s + 34, -4*z + s + 56 - 14 = 0. Let n = z + -8. What is the units digit of n?
2
What is the tens digit of -4 + (-8 + 12 - -952)?
5
Suppose -3*n + 2*l + 2390 = 0, 4*l - 2 = -6. What is the units digit of n?
6
What is the hundreds digit of 3106975/1045 - 2/11?
9
What is the units digit of 4*439 + 3444/(-287)?
4
